[INFO] cloning repository https://github.com/ageiersbach/cmdr-log-cli
[INFO] running `Command { std: "git" "-c" "credential.helper=" "-c" "credential.helper=/workspace/cargo-home/bin/git-credential-null" "clone" "--bare" "https://github.com/ageiersbach/cmdr-log-cli" "/workspace/cache/git-repos/https%3A%2F%2Fgithub.com%2Fageiersbach%2Fcmdr-log-cli", kill_on_drop: false }`
[INFO] [stderr] Cloning into bare repository '/workspace/cache/git-repos/https%3A%2F%2Fgithub.com%2Fageiersbach%2Fcmdr-log-cli'...
[INFO] running `Command { std: "git" "rev-parse" "HEAD", kill_on_drop: false }`
[INFO] [stdout] 2814d5e8f3514f1110abb5223aeac675548da483
[INFO] checking ageiersbach/cmdr-log-cli against master#9610dfe5a9a731ced1ea4923ecbd0c57fe367898 for beta-170-4
[INFO] running `Command { std: "git" "clone" "/workspace/cache/git-repos/https%3A%2F%2Fgithub.com%2Fageiersbach%2Fcmdr-log-cli" "/workspace/builds/worker-6-tc1/source", kill_on_drop: false }`
[INFO] [stderr] Cloning into '/workspace/builds/worker-6-tc1/source'...
[INFO] [stderr] done.
[INFO] validating manifest of git repo https://github.com/ageiersbach/cmdr-log-cli on toolchain 9610dfe5a9a731ced1ea4923ecbd0c57fe367898
[INFO] running `Command { std: CARGO_HOME="/workspace/cargo-home" RUSTUP_HOME="/workspace/rustup-home" "/workspace/cargo-home/bin/cargo" "+9610dfe5a9a731ced1ea4923ecbd0c57fe367898" "metadata" "--manifest-path" "Cargo.toml" "--no-deps", kill_on_drop: false }`
[INFO] started tweaking git repo https://github.com/ageiersbach/cmdr-log-cli
[INFO] finished tweaking git repo https://github.com/ageiersbach/cmdr-log-cli
[INFO] tweaked toml for git repo https://github.com/ageiersbach/cmdr-log-cli written to /workspace/builds/worker-6-tc1/source/Cargo.toml
[INFO] crate git repo https://github.com/ageiersbach/cmdr-log-cli already has a lockfile, it will not be regenerated
[INFO] running `Command { std: CARGO_HOME="/workspace/cargo-home" RUSTUP_HOME="/workspace/rustup-home" "/workspace/cargo-home/bin/cargo" "+9610dfe5a9a731ced1ea4923ecbd0c57fe367898" "fetch" "--manifest-path" "Cargo.toml", kill_on_drop: false }`
[INFO] [stderr]  Downloading crates ...
[INFO] [stderr]   Downloaded chrono v0.4.4
[INFO] [stderr]   Downloaded serde_json v1.0.22
[INFO] running `Command { std: "docker" "create" "-v" "/var/lib/crater-agent-workspace/builds/worker-6-tc1/target:/opt/rustwide/target:rw,Z" "-v" "/var/lib/crater-agent-workspace/builds/worker-6-tc1/source:/opt/rustwide/workdir:ro,Z" "-v" "/var/lib/crater-agent-workspace/cargo-home:/opt/rustwide/cargo-home:ro,Z" "-v" "/var/lib/crater-agent-workspace/rustup-home:/opt/rustwide/rustup-home:ro,Z" "-e" "SOURCE_DIR=/opt/rustwide/workdir" "-e" "CARGO_TARGET_DIR=/opt/rustwide/target" "-e" "CARGO_HOME=/opt/rustwide/cargo-home" "-e" "RUSTUP_HOME=/opt/rustwide/rustup-home" "-w" "/opt/rustwide/workdir" "-m" "1610612736" "--user" "0:0" "--network" "none" "ghcr.io/rust-lang/crates-build-env/linux@sha256:19e73879b68f455e41552ea35293514db52ea292d993f571636dbffedb77a1ee" "/opt/rustwide/cargo-home/bin/cargo" "+9610dfe5a9a731ced1ea4923ecbd0c57fe367898" "metadata" "--no-deps" "--format-version=1", kill_on_drop: false }`
[INFO] [stdout] ca730c5063b364d4e3c8123bcac55997f8064d0ab13056d6b7a6bdde510e4e87
[INFO] running `Command { std: "docker" "start" "-a" "ca730c5063b364d4e3c8123bcac55997f8064d0ab13056d6b7a6bdde510e4e87", kill_on_drop: false }`
[INFO] running `Command { std: "docker" "inspect" "ca730c5063b364d4e3c8123bcac55997f8064d0ab13056d6b7a6bdde510e4e87", kill_on_drop: false }`
[INFO] running `Command { std: "docker" "rm" "-f" "ca730c5063b364d4e3c8123bcac55997f8064d0ab13056d6b7a6bdde510e4e87", kill_on_drop: false }`
[INFO] [stdout] ca730c5063b364d4e3c8123bcac55997f8064d0ab13056d6b7a6bdde510e4e87
[INFO] running `Command { std: "docker" "create" "-v" "/var/lib/crater-agent-workspace/builds/worker-6-tc1/target:/opt/rustwide/target:rw,Z" "-v" "/var/lib/crater-agent-workspace/builds/worker-6-tc1/source:/opt/rustwide/workdir:ro,Z" "-v" "/var/lib/crater-agent-workspace/cargo-home:/opt/rustwide/cargo-home:ro,Z" "-v" "/var/lib/crater-agent-workspace/rustup-home:/opt/rustwide/rustup-home:ro,Z" "-e" "SOURCE_DIR=/opt/rustwide/workdir" "-e" "CARGO_TARGET_DIR=/opt/rustwide/target" "-e" "CARGO_INCREMENTAL=0" "-e" "RUST_BACKTRACE=full" "-e" "RUSTFLAGS=--cap-lints=forbid" "-e" "RUSTDOCFLAGS=--cap-lints=forbid" "-e" "CARGO_HOME=/opt/rustwide/cargo-home" "-e" "RUSTUP_HOME=/opt/rustwide/rustup-home" "-w" "/opt/rustwide/workdir" "-m" "1610612736" "--user" "0:0" "--network" "none" "ghcr.io/rust-lang/crates-build-env/linux@sha256:19e73879b68f455e41552ea35293514db52ea292d993f571636dbffedb77a1ee" "/opt/rustwide/cargo-home/bin/cargo" "+9610dfe5a9a731ced1ea4923ecbd0c57fe367898" "check" "--frozen" "--all" "--all-targets" "--message-format=json", kill_on_drop: false }`
[INFO] [stdout] a312eea4563e95e3ccda511ff60a2655fb88a76a71d7ebcdb349c2f90ec25120
[INFO] running `Command { std: "docker" "start" "-a" "a312eea4563e95e3ccda511ff60a2655fb88a76a71d7ebcdb349c2f90ec25120", kill_on_drop: false }`
[INFO] [stderr]    Compiling num-traits v0.2.5
[INFO] [stderr]    Compiling serde v1.0.70
[INFO] [stderr]    Compiling proc-macro2 v0.4.6
[INFO] [stderr]     Checking libc v0.2.42
[INFO] [stderr]     Checking dtoa v0.4.3
[INFO] [stderr]     Checking itoa v0.4.2
[INFO] [stderr]    Compiling quote v0.6.3
[INFO] [stderr]    Compiling syn v0.14.4
[INFO] [stderr]     Checking time v0.1.40
[INFO] [stderr]     Checking num-integer v0.1.39
[INFO] [stderr]    Compiling serde_derive v1.0.70
[INFO] [stderr]     Checking serde_json v1.0.22
[INFO] [stderr]     Checking chrono v0.4.4
[INFO] [stderr]     Checking cmdr-log-cli v0.1.0 (/opt/rustwide/workdir)
[INFO] [stdout] warning: unused import: `std::io`
[INFO] [stdout]  --> src/events/mod.rs:3:5
[INFO] [stdout]   |
[INFO] [stdout] 3 | use std::io;
[INFO] [stdout]   |     ^^^^^^^
[INFO] [stdout]   |
[INFO] [stdout]   = note: `#[warn(unused_imports)]` on by default
[INFO] [stdout] 
[INFO] [stdout] 
[INFO] [stdout] warning: unused import: `Write`
[INFO] [stdout]  --> src/journal.rs:3:41
[INFO] [stdout]   |
[INFO] [stdout] 3 | use std::io::{self, BufReader, BufRead, Write};
[INFO] [stdout]   |                                         ^^^^^
[INFO] [stdout] 
[INFO] [stdout] 
[INFO] [stdout] warning: unused import: `std::env`
[INFO] [stdout]  --> src/journal.rs:6:5
[INFO] [stdout]   |
[INFO] [stdout] 6 | use std::env;
[INFO] [stdout]   |     ^^^^^^^^
[INFO] [stdout] 
[INFO] [stdout] 
[INFO] [stdout] warning: unused import: `std::io`
[INFO] [stdout]  --> src/events/mod.rs:3:5
[INFO] [stdout]   |
[INFO] [stdout] 3 | use std::io;
[INFO] [stdout]   |     ^^^^^^^
[INFO] [stdout]   |
[INFO] [stdout]   = note: `#[warn(unused_imports)]` on by default
[INFO] [stdout] 
[INFO] [stdout] 
[INFO] [stdout] warning: unused import: `std::env`
[INFO] [stdout]  --> src/journal.rs:6:5
[INFO] [stdout]   |
[INFO] [stdout] 6 | use std::env;
[INFO] [stdout]   |     ^^^^^^^^
[INFO] [stdout] 
[INFO] [stdout] 
[INFO] [stdout] warning: unused import: `chrono::prelude`
[INFO] [stdout]  --> src/events/mod.rs:1:5
[INFO] [stdout]   |
[INFO] [stdout] 1 | use chrono::prelude::*;
[INFO] [stdout]   |     ^^^^^^^^^^^^^^^
[INFO] [stdout] 
[INFO] [stdout] 
[INFO] [stdout] warning: unused import: `BufRead`
[INFO] [stdout]   --> src/main.rs:16:21
[INFO] [stdout]    |
[INFO] [stdout] 16 | use std::io::{self, BufRead, Write};
[INFO] [stdout]    |                     ^^^^^^^
[INFO] [stdout] 
[INFO] [stdout] 
[INFO] [stdout] warning: unused variable: `timestamp`
[INFO] [stdout]   --> src/api.rs:15:16
[INFO] [stdout]    |
[INFO] [stdout] 15 |     pub fn new(timestamp: &DateTime<Utc>) -> Payload {
[INFO] [stdout]    |                ^^^^^^^^^ help: if this is intentional, prefix it with an underscore: `_timestamp`
[INFO] [stdout]    |
[INFO] [stdout]    = note: `#[warn(unused_variables)]` on by default
[INFO] [stdout] 
[INFO] [stdout] 
[INFO] [stdout] warning: variable does not need to be mutable
[INFO] [stdout]   --> src/main.rs:37:9
[INFO] [stdout]    |
[INFO] [stdout] 37 |     let mut commencement = Utc::now();
[INFO] [stdout]    |         ----^^^^^^^^^^^^
[INFO] [stdout]    |         |
[INFO] [stdout]    |         help: remove this `mut`
[INFO] [stdout]    |
[INFO] [stdout]    = note: `#[warn(unused_mut)]` on by default
[INFO] [stdout] 
[INFO] [stdout] 
[INFO] [stdout] warning: field `path` is never read
[INFO] [stdout]   --> src/journal.rs:59:3
[INFO] [stdout]    |
[INFO] [stdout] 58 | pub struct PlayerJournal {
[INFO] [stdout]    |            ------------- field in this struct
[INFO] [stdout] 59 |   path: String,
[INFO] [stdout]    |   ^^^^
[INFO] [stdout]    |
[INFO] [stdout]    = note: `PlayerJournal` has a derived impl for the trait `Debug`, but this is intentionally ignored during dead code analysis
[INFO] [stdout]    = note: `#[warn(dead_code)]` on by default
[INFO] [stdout] 
[INFO] [stdout] 
[INFO] [stdout] warning: 8 warnings emitted
[INFO] [stdout] 
[INFO] [stdout] 
[INFO] [stdout] error[E0599]: no method named `date` found for struct `events::PlayerJournalEvent` in the current scope
[INFO] [stdout]   --> src/events/mod.rs:62:24
[INFO] [stdout]    |
[INFO] [stdout] 18 | pub struct PlayerJournalEvent {
[INFO] [stdout]    | ----------------------------- method `date` not found for this struct
[INFO] [stdout] ...
[INFO] [stdout] 62 |         assert_eq!(pje.date().unwrap().year(), 2018);
[INFO] [stdout]    |                        ^^^^ method not found in `PlayerJournalEvent`
[INFO] [stdout]    |
[INFO] [stdout] help: one of the expressions' fields has a method of the same name
[INFO] [stdout]    |
[INFO] [stdout] 62 |         assert_eq!(pje.timestamp.date().unwrap().year(), 2018);
[INFO] [stdout]    |                        ++++++++++
[INFO] [stdout] 
[INFO] [stdout] 
[INFO] [stdout] error[E0599]: no method named `date` found for struct `events::PlayerJournalEvent` in the current scope
[INFO] [stdout]   --> src/events/mod.rs:63:24
[INFO] [stdout]    |
[INFO] [stdout] 18 | pub struct PlayerJournalEvent {
[INFO] [stdout]    | ----------------------------- method `date` not found for this struct
[INFO] [stdout] ...
[INFO] [stdout] 63 |         assert_eq!(pje.date().unwrap().month(), 7);
[INFO] [stdout]    |                        ^^^^ method not found in `PlayerJournalEvent`
[INFO] [stdout]    |
[INFO] [stdout] help: one of the expressions' fields has a method of the same name
[INFO] [stdout]    |
[INFO] [stdout] 63 |         assert_eq!(pje.timestamp.date().unwrap().month(), 7);
[INFO] [stdout]    |                        ++++++++++
[INFO] [stdout] 
[INFO] [stdout] 
[INFO] [stdout] error[E0599]: no method named `date` found for struct `events::PlayerJournalEvent` in the current scope
[INFO] [stdout]   --> src/events/mod.rs:64:24
[INFO] [stdout]    |
[INFO] [stdout] 18 | pub struct PlayerJournalEvent {
[INFO] [stdout]    | ----------------------------- method `date` not found for this struct
[INFO] [stdout] ...
[INFO] [stdout] 64 |         assert_eq!(pje.date().unwrap().day(), 12);
[INFO] [stdout]    |                        ^^^^ method not found in `PlayerJournalEvent`
[INFO] [stdout]    |
[INFO] [stdout] help: one of the expressions' fields has a method of the same name
[INFO] [stdout]    |
[INFO] [stdout] 64 |         assert_eq!(pje.timestamp.date().unwrap().day(), 12);
[INFO] [stdout]    |                        ++++++++++
[INFO] [stdout] 
[INFO] [stdout] 
[INFO] [stdout] error[E0599]: no method named `date` found for struct `events::PlayerJournalEvent` in the current scope
[INFO] [stdout]   --> src/events/mod.rs:66:34
[INFO] [stdout]    |
[INFO] [stdout] 18 | pub struct PlayerJournalEvent {
[INFO] [stdout]    | ----------------------------- method `date` not found for this struct
[INFO] [stdout] ...
[INFO] [stdout] 66 |         assert!(other_date > pje.date().unwrap());
[INFO] [stdout]    |                                  ^^^^ method not found in `PlayerJournalEvent`
[INFO] [stdout]    |
[INFO] [stdout] help: one of the expressions' fields has a method of the same name
[INFO] [stdout]    |
[INFO] [stdout] 66 |         assert!(other_date > pje.timestamp.date().unwrap());
[INFO] [stdout]    |                                  ++++++++++
[INFO] [stdout] 
[INFO] [stdout] 
[INFO] [stdout] error[E0599]: no method named `date` found for struct `events::PlayerJournalEvent` in the current scope
[INFO] [stdout]   --> src/events/mod.rs:68:34
[INFO] [stdout]    |
[INFO] [stdout] 18 | pub struct PlayerJournalEvent {
[INFO] [stdout]    | ----------------------------- method `date` not found for this struct
[INFO] [stdout] ...
[INFO] [stdout] 68 |         assert!(other_date < pje.date().unwrap());
[INFO] [stdout]    |                                  ^^^^ method not found in `PlayerJournalEvent`
[INFO] [stdout]    |
[INFO] [stdout] help: one of the expressions' fields has a method of the same name
[INFO] [stdout]    |
[INFO] [stdout] 68 |         assert!(other_date < pje.timestamp.date().unwrap());
[INFO] [stdout]    |                                  ++++++++++
[INFO] [stdout] 
[INFO] [stdout] 
[INFO] [stdout] warning: unused import: `chrono::prelude`
[INFO] [stdout]  --> src/events/mod.rs:1:5
[INFO] [stdout]   |
[INFO] [stdout] 1 | use chrono::prelude::*;
[INFO] [stdout]   |     ^^^^^^^^^^^^^^^
[INFO] [stdout] 
[INFO] [stdout] 
[INFO] [stdout] warning: unused import: `BufRead`
[INFO] [stdout]   --> src/main.rs:16:21
[INFO] [stdout]    |
[INFO] [stdout] 16 | use std::io::{self, BufRead, Write};
[INFO] [stdout]    |                     ^^^^^^^
[INFO] [stdout] 
[INFO] [stdout] 
[INFO] [stdout] error: aborting due to 5 previous errors; 4 warnings emitted
[INFO] [stdout] 
[INFO] [stdout] 
[INFO] [stdout] For more information about this error, try `rustc --explain E0599`.
[INFO] [stdout] 
[INFO] [stderr] error: could not compile `cmdr-log-cli` (bin "cmdr-log-cli" test) due to 6 previous errors; 4 warnings emitted
[INFO] running `Command { std: "docker" "inspect" "a312eea4563e95e3ccda511ff60a2655fb88a76a71d7ebcdb349c2f90ec25120", kill_on_drop: false }`
[INFO] running `Command { std: "docker" "rm" "-f" "a312eea4563e95e3ccda511ff60a2655fb88a76a71d7ebcdb349c2f90ec25120", kill_on_drop: false }`
[INFO] [stdout] a312eea4563e95e3ccda511ff60a2655fb88a76a71d7ebcdb349c2f90ec25120
